 divide 126820?
True
Is 4317869 a multiple of 93?
False
Does 398 divide 139383?
False
Is 493 a factor of 350243?
False
Is 64657 a multiple of 41?
True
Is 323 a factor of 1105952?
True
Is 700 a factor of 179200?
True
Is 7 a factor of 420814?
False
Does 6 divide 60936?
True
Is 143642 a multiple of 69?
False
Does 57 divide 1248569?
False
Is 101745 a multiple of 35?
True
Does 46 divide 202216?
True
Does 58 divide 15428?
True
Does 53 divide 1279347?
False
Does 149 divide 1732026?
False
Is 99300 a multiple of 382?
False
Does 13 divide 313701?
False
Is 4381004 a multiple of 4?
True
Is 38 a factor of 2098657?
False
Does 97 divide 1734108?
False
Is 8262022 a multiple of 486?
False
Is 68 a factor of 1780240?
True
Is 4258029 a multiple of 1352?
False
Is 211 a factor of 486566?
True
Does 16 divide 1951100?
False
Is 94 a factor of 157602?
False
Does 29 divide 4140910?
True
Does 34 divide 332009?
False
Is 115 a factor of 3587659?
False
Is 264 a factor of 27192?
True
Is 150 a factor of 246600?
True
Is 11 a factor of 327229?
False
Does 107 divide 43749?
False
Does 8 divide 176648?
True
Does 94 divide 1400726?
False
Is 619 a factor of 5834075?
True
Is 61 a factor of 211487?
True
Is 139772 a multiple of 421?
True
Does 116 divide 1638098?
False
Is 95 a factor of 2205900?
True
Is 159 a factor of 296920?
False
Does 6 divide 873144?
True
Is 1115960 a multiple of 12?
False
Does 6 divide 2678178?
True
Is 24 a factor of 883559?
False
Is 319494 a multiple of 42?
True
Is 62 a factor of 1203740?
False
Does 8 divide 934?
False
Is 44 a factor of 1282845?
False
Does 16 divide 324283?
False
Is 29 a factor of 505041?
False
Is 1961736 a multiple of 84?
True
Is 35750 a multiple of 143?
True
Is 128 a factor of 659456?
True
Is 269 a factor of 242598?
False
Does 17 divide 27115?
True
Is 124 a factor of 4588?
True
Is 9 a factor of 39993?
False
Is 3 a factor of 514323?
True
Is 6991230 a multiple of 30?
True
Is 181792 a multiple of 19?
True
Does 9 divide 196530?
False
Is 35 a factor of 78607?
False
Is 2694274 a multiple of 82?
True
Is 40884 a multiple of 12?
True
Is 7 a factor of 6645289?
True
Is 22 a factor of 26519?
False
Does 113 divide 3659236?
False
Does 113 divide 1162089?
False
Does 5 divide 31834?
False
Is 15 a factor of 655138?
False
Is 507045 a multiple of 35?
True
Is 345638 a multiple of 47?
True
Is 34753 a multiple of 23?
True
Does 482 divide 149436?
False
Is 525 a factor of 3481800?
True
Is 36150 a multiple of 10?
True
Is 145 a factor of 271715?
False
Does 1613 divide 2711453?
True
Is 1103206 a multiple of 127?
False
Does 23 divide 444429?
True
Is 498 a factor of 600588?
True
Is 792183 a multiple of 637?
False
Is 75822 a multiple of 6?
True
Is 37 a factor of 303772?
False
Is 15 a factor of 868461?
False
Does 219 divide 3154747?
False
Does 209 divide 948860?
True
Is 112104 a multiple of 36?
True
Is 151 a factor of 13330884?
True
Is 10 a factor of 2891765?
False
Is 1905276 a multiple of 62?
False
Does 80 divide 218241?
False
Is 2580510 a multiple of 3?
True
Is 2830464 a multiple of 273?
True
Does 4 divide 44436?
True
Is 5 a factor of 1003617?
False
Does 116 divide 171448?
True
Is 11 a factor of 113601?
False
Is 5 a factor of 310150?
True
Is 16 a factor of 163536?
True
Is 41859 a multiple of 103?
False
Is 3256790 a multiple of 14?
False
Is 1295401 a multiple of 29?
True
Is 18 a factor of 264899?
False
Is 526071 a multiple of 273?
True
Is 166 a factor of 5932176?
True
Does 6 divide 35080?
False
Is 139 a factor of 5309?
False
Is 6016599 a multiple of 13?
False
Is 1268 a factor of 6307032?
True
Is 1126614 a multiple of 266?
False
Does 47 divide 2529339?
False
Is 3 a factor of 389529?
True
Is 7 a factor of 52092?
False
Is 618039 a multiple of 14?
False
Does 44 divide 3275932?
True
Does 2 divide 86610?
True
Is 15 a factor of 4425?
True
Is 1352171 a multiple of 217?
False
Does 14 divide 30404794?
True
Is 28 a factor of 109951?
False
Is 961373 a multiple of 1988?
False
Is 258 a factor of 8779998?
True
Is 332593 a multiple of 23?
False
Is 81 a factor of 9072?
True
Is 69346 a multiple of 68?
False
Is 30 a factor of 1636920?
True
Does 90 divide 596340?
True
Is 22790752 a multiple of 116?
True
Does 15 divide 371346?
False
Is 8401680 a multiple of 48?
True
Does 43 divide 1620498?
True
Is 15863845 a multiple of 1901?
True
Does 20 divide 3298589?
False
Does 7 divide 176022?
True
Does 2318 divide 19153634?
True
Is 6 a factor of 54382?
False
Does 131 divide 433479?
True
Does 233 divide 77356?
True
Is 13 a factor of 50869?
True
Is 1530 a multiple of 3?
True
Is 82570 a multiple of 92?
False
Is 12 a factor of 1466103?
False
Is 42 a factor of 164235?
False
Does 244 divide 5817391?
False
Does 300 divide 13103897?
False
Is 138602 a multiple of 74?
True
Is 135 a factor of 711450?
True
Does 36 divide 8263?
False
Does 784 divide 1824368?
True
Does 47 divide 2746562?
False
Does 18 divide 4398300?
True
Is 162 a factor of 2630814?
False
Is 145 a factor of 32697?
False
Is 26 a factor of 76570?
True
Does 25 divide 247024?
False
Does 9 divide 2972565?
True
Is 2003283 a multiple of 11?
False
Does 22 divide 2542241?
False
Is 67 a factor of 67687?
False
Is 23 a factor of 510063?
False
Is 256846 a multiple of 33?
False
Does 20 divide 218620?
True
Is 15170603 a multiple of 14?
False
Does 19 divide 665005?
False
Does 61 divide 177039?
False
Is 19 a factor of 1051517?
True
Is 291 a factor of 263355?
True
Is 718 a factor of 1225278?
False
Is 15 a factor of 2233425?
True
Is 1775780 a multiple of 20?
True
Is 28 a factor of 80668?
True
Is 57046 even?
True
Is 129272 a multiple of 12?
False
Is 41 a factor of 5579157?
True
Does 10 divide 7583500?
True
Is 226850 a multiple of 13?
True
Does 6 divide 200058?
True
Is 7 a factor of 3739687?
True
Does 2209 divide 6699983?
False
Is 104630 a multiple of 305?
False
Does 192 divide 1477824?
True
Is 67 a factor of 914992?
False
Is 7024586 a multiple of 443?
False
Is 229287 a multiple of 52?
False
Is 6216 a multiple of 84?
True
Is 1482116 a multiple of 213?
False
Is 78 a factor of 13490175?
False
Is 20 a factor of 7500535?
False
Is 1683982 a multiple of 82?
False
Is 31 a factor of 61411?
True
Is 5 a factor of 60610?
True
Is 296775 a multiple of 45?
True
Is 16 a factor of 778624?
True
Does 97 divide 254043?
True
Does 23 divide 21686999?
True
Is 536686 a multiple of 14?
False
Does 18 divide 68562?
True
Is 8751304 a multiple of 49?
False
Is 32514 a multiple of 162?
False
Is 230 a factor of 3835172?
False
Does 3 divide 248201?
False
Is 17 a factor of 516494?
True
Is 5956218 a multiple of 307?
False
Does 13 divide 569283?
True
Does 13 divide 18103?
False
Is 159 a factor of 3345847?
False
Is 115805 a multiple of 23?
True
Does 706 divide 5879568?
True
Does 194 divide 37054?
True
Is 44 a factor of 296523?
False
Is 46 a factor of 2205332?
True
Does 14 divide 603190?
True
Does 19 divide 1815464?
False
Does 49 divide 173607?
True
Is 65 a factor of 47385?
True
Is 5680675 a multiple of 325?
True
Does 160 divide 2724800?
True
Is 2065365 a multiple of 27?
True
Does 384 divide 2991023?
False
Is 26 a factor of 525482?
False
Is 57 a factor of 4361184?
True
Is 5917083 a multiple of 555?
False
Is 27828707 a multiple of 21?
False
Is 13 a factor of 256417?
False
Is 699992 a multiple of 68?
True
Is 21 a factor of 1220898?
True
Is 10030 a multiple of 255?
False
Is 195698 a multiple of 30?
False
Is 103 a factor of 269551?
True
Is 23547 a multiple of 11?
False
Is 60155 a multiple of 105?
False
Is 107 a factor of 46866?
True
Does 5 divide 6560?
True
Is 245312 a multiple of 64?
True
Is 180028 a multiple of 11?
False
Is 207754 a multiple of 218?
True
Is 173777 a multiple of 666?
False
Is 730992 a multiple of 194?
True
Does 3 divide 45345?
True
Does 5 divide 6165?
True
Does 12 divide 410706?
False
Does 124 divide 555148?
True
Is 27 a factor of 477035?
False
Is 67238 a multiple of 66?
False
Does 90 divide 1703110?
False
Does 285 divide 2879994?
False
Does 520 divide 4017000?
True
Does 22 divide 11223601?
False
Is 214391 a multiple of 3?
False
Does 179 divide 171272?
False
Does 720 divide 5864400?
True
Is 1768625 a multiple of 18?
False
Is 1625488 a multiple of 38?
True
Does 6 divide 2524713?
False
Is 121 a factor of 4185511?
True
Is 1673000 a multiple of 40?
True
Is 385 a factor of 756140?
True
Is 7468797